 What is the tens digit of l?
3
Suppose -4*t = -9 - 3. Suppose -21 = 6*b - t. Let a = b + 4. What is the units digit of a?
1
Suppose -4*g - k + 266 = 0, -4 = -0*k - 2*k. Let u = g + -7. What is the units digit of u?
9
Let s(n) = -7*n + 60. What is the units digit of s(6)?
8
Suppose 0 = 3*i + 3*i - 378. What is the units digit of i?
3
Let l(d) = d + 58. What is the tens digit of l(33)?
9
Let q be (-76)/(-6)*(-21)/7. Let b = -40 - q. What is the tens digit of (9/b)/(6/(-84))?
6
Let o(x) = -56*x + 1. Let b(c) = c**3 - 5*c**2 + 5*c - 3. Let p be b(4). Let h be o(p). What is the units digit of ((3 - 4) + 0)*h?
5
Suppose -506 = -4*a + 218. What is the hundreds digit of a?
1
Let d be ((-21)/(-2))/(2/8). Let s = -198 - -248. Suppose s + d = 2*v. What is the tens digit of v?
4
Let t(u) = -88*u - 2. Suppose -3*a + 1 = 5*z, 2*z = 3*z + 2*a - 3. What is the tens digit of t(z)?
8
Suppose 5*r + 624 = 4*o - 0*r, 5*r = -4*o + 584. Let c = 286 - o. What is the hundreds digit of c?
1
Let r be (-1)/(-2 + (-5)/(-5)). What is the hundreds digit of (r - 706/(-6)) + (-2)/3?
1
What is the tens digit of 1*8/(-16)*-1642?
2
Let h(i) = -i**3 + 18*i**2 + 19*i + 4. Let k be h(19). Suppose 3*t + 54 + 114 = j, -k*j + 5*t = -658. What is the units digit of j?
2
Let t = 39 + -27. Suppose 315 = -7*k + t*k. What is the units digit of k?
3
Suppose 3*k - 6*k - 6 = 0. Suppose -3*b = -12, 0 = 4*r - 2*b + 5 + 3. What is the tens digit of (-92)/k - (r - -3)?
4
Let v(i) = i**3 - 7*i**2 + 6*i + 4. Let n be v(5). Let b(q) = -7*q - 204. Let u be b(-25). Let l = n - u. What is the units digit of l?
3
Suppose 141 = s - 4*n, -s + 10 = -5*n - 136. Suppose -766 + s = -5*k. What is the units digit of k?
9
Let c(w) = w**3 + 23*w**2 + 16*w - 50. What is the tens digit of c(-18)?
8
Let k(d) = -9*d - 12. Let b = 8 + -15. What is the units digit of k(b)?
1
Let r be ((-1)/(-2))/(3 - (-100)/(-32)). Let f(j) = j**2 - j - 11. What is the units digit of f(r)?
9
Let i be (-5)/(2 + -7) - -1. Suppose 2*h + i*b = 410, 2*h + 3*h - 5*b = 1025. What is the hundreds digit of h?
2
Let u(h) = -5*h**3 - 3*h**2 + 12*h + 14. What is the tens digit of u(-3)?
8
Let h(m) = -14*m - 11*m**2 - m**3 - 8*m + 2 + 10*m. What is the units digit of h(-10)?
2
Let o = 877 - 531. Suppose -2*m - o = -894. What is the hundreds digit of m?
2
Let o(y) = y**3 + y**2 - 2*y. Let x be o(-2). Suppose x = 3*i - 4*c + 8*c - 352, i + 3*c - 114 = 0. Suppose -7*w + 9*w - i = 0. What is the tens digit of w?
6
Let s = -105 - -49. What is the hundreds digit of 24/s - (-1854)/14?
1
Let c = 377 + 575. What is the units digit of c?
2
Suppose -3*i = -7 + 16. Let c be (-2)/i*6*-1. Let d = 5 - c. What is the units digit of d?
9
Let b be (-152)/(-20) + (-3)/(15/(-2)). Suppose -4*a - b = -20. What is the units digit of a?
3
Suppose -435*p + 1864 = -431*p. What is the hundreds digit of p?
4
Let m = 40 - 39. What is the units digit of m?
1
Let q(p) = p**3 - 3*p**2 - 5*p + 3. Let n be q(4). Let d be (-1)/((-4)/(-20)*n). Let r(x) = 5*x - 8. What is the units digit of r(d)?
7
Let h(b) = -b**3 + 12*b**2 - 12*b + 14. Let m be h(11). Suppose -4*g - m*x = 27, 0 = -2*g + 4*x - 6 - 2. What is the tens digit of (-33)/(-22)*(-68)/g?
1
Suppose h = 87 + 83. Let g be (6/4)/(1/h). Suppose -w = 5*f - g, -5*f - 2*w - 18 = -268. What is the tens digit of f?
5
Let d = 880 + -528. What is the hundreds digit of d?
3
Let g(i) = -6*i**2 - 12*i + 4. Let l be g(-6). Let h = l - -197. What is the units digit of h?
7
Suppose -48*l + 19*l = -44080. What is the units digit of l?
0
Let w(n) = -2*n**2 + 34*n - 7. Let p be w(16). Suppose -c + t + 19 = 0, 3*c + 3*t - t = 32. Let x = p - c. What is the tens digit of x?
1
Let w = 240 + -142. Suppose 0 = 2*h - w - 70. What is the tens digit of h?
8
Suppose 2*h + 474 = 5*x, -3*h = -4*x - 0*x + 375. What is the tens digit of x?
9
Let c(n) be the first derivative of n**4/4 + n**3 + n**2/2 - 4*n - 21. What is the tens digit of c(2)?
1
Let g be 198 + (4 - (1 + 0)). Suppose -2*w = w + g. Let m = 100 + w. What is the tens digit of m?
3
Let n(t) = -t**2 + 84*t + 66. What is the thousands digit of n(18)?
1
Let r be (4 - 0)*7*(-1)/(-7). Let l be 1/(-1 + 0) + 1. Suppose l = r*s - 3*s - 4*t - 33, -2*s + 4*t + 46 = 0. What is the units digit of s?
3
Suppose 0 = 5*k - r - 24, -2*r + 5*r = 3. Suppose 2*y - 125 = k*z, -3*y + 3*z = -24 - 159. What is the tens digit of y?
6
Suppose -1098*r + 1089*r + 29817 = 0. What is the thousands digit of r?
3
What is the hundreds digit of ((-30978)/15)/(-1)*10/4?
1
Let a(y) = 2*y**3 - y**2 - 10*y + 1. Suppose -29*m + 27*m = -10. What is the tens digit of a(m)?
7
Let g = 44 - -182. Let s = g + -151. What is the tens digit of s?
7
Suppose 0 = -x - 2*d + 2893, x + 0*x - 2881 = -5*d. What is the tens digit of x?
0
Suppose 4*o + 96 = -4*b - 48, 2*b - 5*o = -100. Let g be ((-10)/15)/(2/39). Let f = g - b. What is the units digit of f?
7
Let x(o) = o**2 + 21. Let f = -17 - -26. What is the units digit of x(f)?
2
What is the tens digit of ((-620)/(-6))/(26/195) + 3?
7
Let n be ((-6)/3)/(2/9). Let g be 24/n*9/(-12). What is the tens digit of g/(-20)*6*-25?
1
Let f = 0 + 4. Suppose -f*t = a - 9*t - 183, 4*a + 2*t - 776 = 0. What is the units digit of a?
3
Suppose -13*x + 853 + 304 = 0. What is the units digit of x?
9
Let g = 581 - 272. What is the hundreds digit of g?
3
Let s(f) = -f - 10. Let j be s(-14). Suppose 2*z + r = 6*z - 657, 0 = -5*z - j*r + 837. What is the units digit of z?
5
Let j(l) = -6*l + 1. Let d be j(-1). Suppose 11*v - d*v - 8 = 0. Suppose -r = -a - 3, 0 = -v*r + 3*a + 4 + 4. What is the units digit of r?
1
Let v(n) = 7*n - 9. Let p(t) = t**2 - 2*t + 3. Let c be p(3). Let z be v(c). Suppose z = -2*w + 5*w. What is the tens digit of w?
1
Let n(m) = m**3 + 10*m**2 + 12*m + 8. Let w be (-7)/(6*(17/(-6) + 3)). What is the units digit of n(w)?
1
Suppose 5*r - 1639 - 211 = 0. Suppose -r - 176 = -2*i. What is the units digit of i?
3
Let a = 20 + -27. Let r(k) = 3*k**2 + 1. Let x be r(a). Suppose -c = 5*l - 56, 3*c - 5*l = 6*c - x. What is the units digit of c?
6
Suppose g + 0*g + 838 = 2*v, 0 = v + 3*g - 419. What is the hundreds digit of v?
4
Let y(i) = 12*i**2 - 59*i - 22. What is the units digit of y(13)?
9
Let p(n) = n**2 - 9*n + 6. Let w be p(9). Let q(b) = 25*b - w + 9*b + 5. What is the tens digit of q(1)?
3
Suppose -2*v + 30 = 4*v. Let c be (-12)/(-15)*v/2. Let r = c - -1. What is the units digit of r?
3
Let c = 85 + 562. What is the tens digit of c?
4
Suppose 30*w = 59*w - 103298. What is the hundreds digit of w?
5
Suppose -4*a = -0*f - 3*f + 3, -5 = -5*a - 5*f. Let w be 0 - -4*2/4 - -3. Suppose 2*b - g - 36 = -3*g, a = w*g - 20. What is the units digit of b?
4
Let s(y) = 220*y + 130. What is the thousands digit of s(4)?
1
What is the hundreds digit of (-23840)/(-36) - 2/9?
6
Suppose 0 = -3*v - s + 178, 10*s - 12*s = -3*v + 175. What is the units digit of v?
9
Suppose -5*p + 108 = 4*i, p - 3*i - 105 = -3*p. Let h be (-294)/(-8) + 6/p. Suppose -31 - h = -4*f. What is the tens digit of f?
1
What is the units digit of (-4)/3*11670/(-20)?
8
Let u(n) = 7*n**3 - 25*n**2 - 8*n - 51. Let m(v) = 3*v**3 - 13*v**2 - 4*v - 25. Let h(t) = -5*m(t) + 2*u(t). What is the tens digit of h(15)?
8
Let b be 1*18*(-3)/(-1 + -5). Suppose b = 3*p, -3*l - 264 = -6*l - 5*p. What is the units digit of l?
3
Let m be 1 - (1584/21)/8*7. Let x be 2/6 + 347/3. Let u = m + x. What is the units digit of u?
1
Suppose 3*h - 1422 = -3*r, 973 = 4*h - 2*h - 3*r. What is the tens digit of h?
7
Suppose r - i + 2 = 0, -i - i = -4*r + 2. Suppose -5*h = -5*w + 1055, -5*h + r*h = 2*w - 402. What is the tens digit of w?
0
What is the units digit of -1*(4 + -3 - -4) + 838?
3
What is the thousands digit of 8/(-3)*(-30048)/64?
1
Suppose 0 = -b + 3*u - 4*u + 6, 3*u - 22 = -4*b. Suppose -9*k + 8*k = -b. Suppose a = -4*f + 18, -5*a + k*f - 7*f = -39. What is the units digit of a?
6
Let j = -474 - -921. What is the tens digit of j?
4
Let x(o) = o**3 - 16*o**2 + 17*o - 18. Suppose -2*k + 2 = -28. Let y be x(k). What is the units digit of 3 + -2 + -5 + y?
8
Let b = -111 + -42. Let u = 97 + b. Let a = -34 - u. What is the tens digit of a?
2
Let u(v) = -v**3 + 6*v**2 + 35*v - 5. Suppose -3*s = 2*l - 0*s - 6, 2*s = 3*l - 22. What is the hundreds digit of u(l)?
2
L